- f - 2 = -2*m, m + 10 = 3*y. What is the units digit of y?
3
Suppose 2*g + 4*m - 53 = 63, -g + 5*m + 58 = 0. What is the tens digit of g?
5
Suppose 2*w = -b + 29, -5*w = 5*b - 52 - 88. What is the units digit of b?
7
Let v = -236 + 384. What is the hundreds digit of v?
1
Let s(x) = -x**2 - x + 3. Let n be s(0). Let i(h) = h**3 - 3*h**2 + 3*h + 3. Let c be i(n). What is the units digit of (18/c)/(1/6)?
9
Let x(c) = -c**3 - 6*c**2 - 4*c + 6. Let o be x(-5). Let y(h) = -o + h**2 - h**2 + h**2 - 4*h. What is the units digit of y(5)?
4
Let l be 0/(-5) + 0/(-2). Let x be 11/(-2)*(-2 + l). Let t(v) = -v + 12. What is the units digit of t(x)?
1
Let p = 76 + 57. Let f = p - 77. What is the tens digit of f?
5
Let a(c) = -c**3 - c - 1. Let g(q) = -7*q**3 + 7*q**2 + 4*q - 9. Let n(o) = -6*a(o) + g(o). Let b = -5 + 13. What is the tens digit of n(b)?
1
Suppose -4*f = 2*i + 3*i + 55, -5*f = 5*i + 70. Let s be -10*((-18)/f)/3. What is the units digit of s/6 + 78/9?
8
Let o be (-2 - -1)/(-1) - 2. What is the tens digit of o/2 - 123/(-6)?
2
What is the tens digit of ((-33)/22)/(1/(-94))?
4
Suppose -3*g + 0*g = -5*q - 284, -g + 106 = 4*q. Suppose 6*m - g - 4 = 0. What is the units digit of m?
7
Let t be 69/21 + 2/(-7). What is the units digit of 10/8 - t/(-4)?
2
Let q be 10/2*(-18)/15. Let b(v) = 2*v**2 + 7*v - 6. What is the units digit of b(q)?
4
Let u be 7 - 3/(-2)*-2. Let a(n) = n**3 - 2*n**2 + 3*n - 2. Let j be a(2). Suppose -u = -5*w + 1, g - j*w = 14. What is the units digit of g?
8
Let z be 1 - (2 + 14) - -3. Let d be ((-3)/(-2))/(z/(-40)). Suppose -5*t = -d*b - 3*t + 26, -2*b = -2*t - 8. What is the units digit of b?
6
Let u be (54/(-4))/(2/(-4)). Suppose -u*q - 34 = -29*q. What is the tens digit of q?
1
Let b be 56/9 + 10/(-45). Let s(q) = -q**3 + 5*q**2 + 7*q - 3. Let j be s(b). Suppose -5*u = -0*u - f - 7, -j*u + 18 = 4*f. What is the units digit of u?
2
Let d = -46 - -66. Suppose -2*k - 3*i + 32 = 0, 5*i + d = 3*k - 9. What is the tens digit of k?
1
Let v(n) = -n**3 + 8*n**2 - 3*n + 2. Let h be v(3). Suppose 0 = -3*k + h + 16. Let d = k + -9. What is the units digit of d?
9
Suppose 3*i + 86 = 2*v, -4*v = 4*i - 2*i - 188. What is the tens digit of v?
4
Suppose 4*g - 176 = 5*s, -g = -5*g - 4*s + 140. What is the units digit of g?
9
Suppose 0 = q + q - 8. Suppose -q*v + 12 = -0*v. What is the units digit of v?
3
Let d be -2 + (-6)/(-3) + -4. Let r(p) be the third derivative of p**4/24 + 4*p**3/3 + p**2. What is the units digit of r(d)?
4
Let a(i) = 61*i - 8. What is the tens digit of a(2)?
1
Let z(q) be the first derivative of -q**4/4 - 4*q**3/3 - q**2/2 + 2. Let o be z(-2). What is the units digit of -10*(9/o - -1)?
5
Let x(s) = s - 3. Let b be 32/(-10)*(-15)/6. What is the units digit of x(b)?
5
Let j = 234 - 166. Suppose 0 = 5*z - j + 3. What is the units digit of z?
3
Let c = 30 - 21. Suppose 0 = c*q - 5*q. Suppose -10 + q = -s. What is the units digit of s?
0
Suppose -4*o - 5*u = -27, 6*u = 4*u - 2. Suppose -h + o = -2. What is the units digit of h?
0
Let i be (4/(-6))/(4/(-36)). Let l(a) = a - 2. What is the units digit of l(i)?
4
Let d be (-2 - 0) + -8 - -2. Let i = 1 - 0. Let h = i - d. What is the units digit of h?
9
Let b(p) = -p**3 - 3*p**2 + 2*p - 4. Let y be b(-4). Suppose 19 - 3 = y*j. What is the units digit of j?
4
Let b(i) = i**2 + 1. What is the units digit of b(-9)?
2
Let r(s) = -6*s - 3. Let c be r(-3). Let a be (462/(-15))/((-3)/c). What is the tens digit of a/10 + (-4)/10?
1
Let u be 2*5/((-20)/(-6)). Suppose -u*g + 53 + 28 = 0. What is the units digit of g?
7
Let f be 658/11 + 34/187. Let r = 3 + -6. What is the tens digit of (-3)/((-9)/f) + r?
1
Let l(d) = 3*d**2 + 2*d + 4. What is the units digit of l(-4)?
4
Suppose -2*y + 122 = 4*s, 4*y - 217 = -0*s + s. Suppose 0*v + m - y = -4*v, -30 = -3*v - 3*m. What is the units digit of (-14)/3*v/(-10)?
7
Let h(l) = -10*l - 1. What is the tens digit of h(-8)?
7
Let c = 13 - 20. What is the units digit of (-145)/c + 2/7?
1
Let k(s) = s - 12. Let l be k(8). Let q(j) = 0 - 3*j**3 - 4*j - 5*j**2 + 5 + 2*j**3. What is the units digit of q(l)?
5
Let n(z) = z**2 + 8*z + 5. Let t(g) = 5*g**2 + 32*g + 20. Let a(v) = -9*n(v) + 2*t(v). Let r be a(7). What is the units digit of r/(-54) + 104/18?
6
Suppose 0 = 3*f + y - 4*y - 24, 2*y = -f - 4. Suppose 3*l + 29 = f*l. What is the tens digit of l?
2
What is the hundreds digit of ((-5)/3)/((-3)/207)?
1
Let k(t) = -t**3 + 7*t**2 - 4. Let p be k(4). Let j = p - 26. Suppose -u + 3*w - 2 = -0, -3*u + j = -3*w. What is the units digit of u?
0
What is the units digit of -3 + 156/4 - 2?
4
Let t = 10 + -25. Let h = t - -57. What is the units digit of 80/14 - (-12)/h?
6
Suppose k - 15 = 4*p + p, 2*p = -5*k - 6. Suppose k = -0*h + 2*h + 6. Let b(w) = -2*w + 1. What is the units digit of b(h)?
7
Let d be 2/(-11) + 68/11. Suppose 3*f = d*f + 66. Let i = -13 - f. What is the units digit of i?
9
Let a(y) = y**2 + 6*y + 7. Let p be a(-5). Let m(v) = v**2 - 6*v - 2. Let g be m(6). What is the units digit of (g + 1)/(p/(-4))?
2
Let y = 8 - 5. Suppose d = -2*d - y. What is the units digit of (-1 + 0 - d) + 5?
5
Let d = -6 - -9. What is the units digit of 3*2/d - 1?
1
Let o be (-2)/(3 - (2 + 0)). Let s = o + 9. What is the units digit of s?
7
Let z(p) = p**3 - 6*p**2 + 5*p + 4. Let b be z(5). What is the tens digit of (-414)/(-24) + (-1)/b?
1
What is the tens digit of 10/1*((-4 - -1) + 9)?
6
Let z(j) = -9*j + 1. Let s be z(-5). Suppose 5*q - s = 99. Suppose -l - 5*p = l - q, 2*l - 21 = 3*p. What is the units digit of l?
2
Suppose 0 = a - 3*h - 24, h - 146 = -4*a - 37. Suppose -4*t + a = 3. What is the tens digit of 0 + 1 - (-54)/t?
1
Let a be (0 + -1)*(5 + -5). Suppose -5*n + 29 + 6 = a. What is the units digit of n?
7
Suppose 0*m + 12 = 4*w - 4*m, 0 = 2*m - 4. Suppose 0 = i - 0*i - w. Suppose i*j = 0, 0*j = -5*x - j + 55. What is the tens digit of x?
1
What is the hundreds digit of (-7)/(4/(-72)*1)?
1
Let s(o) = o + 4. Let z be s(0). Suppose 4*q = -4, p - 7 + 2 = -z*q. What is the units digit of p?
9
Suppose 2*n - 66 = -n. Let z = n + 12. What is the tens digit of z?
3
Let p be 0 - 3 - (-32 + -11). Suppose -3*u + 124 = p. What is the tens digit of u?
2
Let k(b) = -b**2 + 8*b - 8. Let g be k(6). Let i(f) be the first derivative of 3*f**2/2 + 1. What is the units digit of i(g)?
2
Let z = 6 + -2. Suppose 5*f = 2*a - 17, z*f = -5*a - 10 + 3. What is the units digit of a?
1
Suppose z = -0*z - 5*l - 7, 3*z = 5*l + 39. Let b = z - -6. What is the units digit of b?
4
Let d = 39 - -12. What is the units digit of d?
1
What is the hundreds digit of 1128/(-4)*((-4)/(-2))/(-4)?
1
Suppose 3*j - 10 = 2*f + 8*j, -2*f + 6 = j. Suppose -5*b + 4*a = -a - 245, 0 = 4*b + f*a - 205. What is the tens digit of b?
5
Suppose -i = -0*i. Suppose i*y = o + 3*y - 22, -2*o + 3*y = -62. What is the units digit of (-2)/7 - (-316)/o?
1
Let a be 2/(-11) + (-444)/(-22). Let t = a - -16. What is the tens digit of t?
3
Suppose 0*r + r - 2 = 0. Suppose 20 = -0*j + r*j. Let b = 17 - j. What is the units digit of b?
7
Suppose -4*a + b + 48 = 0, 2*a + 0*b - 34 = -2*b. Suppose 3*m + 4*g = -20, 2*m + 0*g - 5*g + 21 = 0. Let d = m + a. What is the units digit of d?
5
Suppose 0*s + 2*s + 2 = -5*h, h = -5*s + 41. What is the units digit of s?
9
Suppose v + 3*v + 341 = 3*f, -4*v = 20. What is the tens digit of f?
0
Let z = -16 - -31. Suppose -4*v + 5 = -7. Suppose v*o + 2*o = z. What is the units digit of o?
3
What is the units digit of (1 + 116/10)/(33/110)?
2
Let k = -96 + 112. What is the units digit of k?
6
Let m = -47 + 7. Let b = m + 68. What is the tens digit of b?
2
Let p(a) = -a**3 + 9*a**2 + 8*a + 9. Let g be p(10). Let m(l) be the first derivative of l**4/4 + 4*l**3 + 11*l**2/2 + 9*l + 1. What is the units digit of m(g)?
9
Suppose -6*c - 3*r + 308 = -c, -c + 60 = r. What is the units digit of c?
4
Let v = 71 - 49. Let q = v + -3. What is the tens digit of q?
1
Let n = 2 + 9. What is the tens digit of n?
1
Let u(m) = 2*m - 2. Let x be u(2). Suppose -4*r = n + x*n, 3*n + 12 = 0. Suppose 28 = w - 5*b, -r*b + 84 = -w + 6*w. What is the tens digit of w?
1
Suppose -4*z + 6 = -10. Suppose -3*w - z = -5*w. Suppose -4*i + 7 = o + w*o, 3*o - 19 = 2*i. What is the units digit of o?
5
Let r(m) = -m + 12. Let f b